238539 prime?
False
Is 3656459 a composite number?
True
Is 45081061 composite?
False
Is 153308191 composite?
False
Is 193765073 a composite number?
False
Is 1489541 composite?
False
Is 4850135 composite?
True
Is 618199 prime?
True
Is 1082426077 prime?
True
Is 119831619 composite?
True
Is 1035031 a prime number?
False
Is 5108033 a prime number?
False
Is 35754241 a composite number?
True
Is 6871897 a prime number?
True
Is 11446751 a prime number?
True
Is 12535165 composite?
True
Is 502982327 prime?
False
Is 23043021 composite?
True
Is 3577141 a prime number?
True
Is 17533193 composite?
True
Is 8964737 a composite number?
False
Is 955843267 composite?
False
Is 4746905 prime?
False
Is 2007763 a composite number?
False
Is 353231 a prime number?
False
Is 12971507 composite?
False
Is 56391371 composite?
False
Is 1860503 prime?
True
Is 5599859 composite?
False
Is 336421 a composite number?
True
Is 14457001 a composite number?
True
Is 7174883 prime?
True
Is 21275567 a prime number?
True
Is 1055767 composite?
True
Is 3894551 composite?
True
Is 2222063 a prime number?
False
Is 221912783 a prime number?
True
Is 15222353 composite?
True
Is 25439 a prime number?
True
Is 312621443 a composite number?
False
Is 167544217 a composite number?
False
Is 3069991 composite?
True
Is 898951 a prime number?
True
Is 184371773 composite?
False
Is 275321309 a composite number?
False
Is 325687 a composite number?
True
Is 86650477 composite?
False
Is 6701437 a composite number?
False
Is 5077313 a composite number?
True
Is 56168087 composite?
True
Is 7083901 composite?
True
Is 25494499 a prime number?
False
Is 15561751 prime?
True
Is 2363678 composite?
True
Is 190354 a prime number?
False
Is 458603 composite?
True
Is 25669531 a prime number?
False
Is 19253471 prime?
True
Is 6990091 a prime number?
False
Is 401341267 a composite number?
False
Is 59539577 composite?
False
Is 80343359 a prime number?
True
Is 29055701 composite?
False
Is 17588003 composite?
True
Is 1623263 prime?
True
Is 2840171 composite?
False
Is 1528031 composite?
True
Is 2664227 composite?
False
Is 21358303 a prime number?
True
Is 4476949 composite?
False
Is 981022153 composite?
False
Is 1175879 prime?
False
Is 8688917 prime?
False
Is 12266983 a prime number?
True
Is 18214301 a composite number?
True
Is 138334071 a composite number?
True
Is 241489 prime?
True
Is 80863269 prime?
False
Is 275107 a composite number?
True
Is 204939799 composite?
True
Is 4295177 composite?
False
Is 15781963 composite?
True
Is 1753041 a prime number?
False
Is 21342581 a composite number?
True
Is 456508834 composite?
True
Is 11899617 prime?
False
Is 9869113 a composite number?
True
Is 12171181 a prime number?
False
Is 46122305 a prime number?
False
Is 4641281 a prime number?
True
Is 415013 prime?
True
Is 6439262 a prime number?
False
Is 75080801 composite?
False
Is 176636767 a prime number?
False
Is 7208629 a composite number?
True
Is 224511317 a composite number?
True
Is 182252051 prime?
True
Is 67797991 prime?
False
Is 122754959 a prime number?
True
Is 188254523 composite?
True
Is 34868489 prime?
True
Is 1389187 composite?
True
Is 2981987 a prime number?
False
Is 59634815 a composite number?
True
Is 1837351 a composite number?
True
Is 13541711 a composite number?
False
Is 173447887 composite?
False
Is 9413647 a prime number?
False
Is 605747 prime?
False
Is 3255167 a prime number?
False
Is 1369067 composite?
True
Is 146631977 composite?
False
Is 19676794 a composite number?
True
Is 13159199 prime?
False
Is 2604631 a composite number?
True
Is 3749747 a prime number?
False
Is 39136169 prime?
True
Is 6509707 a prime number?
True
Is 84772643 composite?
False
Is 559150739 a composite number?
True
Is 328884847 a composite number?
False
Is 154002529 prime?
True
Is 15951229 composite?
True
Is 3273779 a composite number?
True
Is 6388633 a prime number?
True
Is 13655563 composite?
True
Is 2663329 composite?
True
Is 3314357 composite?
True
Is 180333119 prime?
True
Is 62650339 prime?
False
Is 41896031 composite?
False
Is 6278399 composite?
True
Is 2794879 prime?
True
Is 5382527 composite?
False
Is 5319967 prime?
True
Is 50575607 a composite number?
False
Is 1096726639 composite?
False
Is 5271307 composite?
False
Is 1357559 a composite number?
True
Is 20903561 composite?
True
Is 796063 prime?
True
Is 137052103 a composite number?
True
Is 29383201 prime?
False
Is 3578343 a prime number?
False
Is 562927 a composite number?
True
Is 133904347 a prime number?
True
Is 5714806 a prime number?
False
Is 139642738 composite?
True
Is 1957357 a composite number?
False
Is 13899113 a composite number?
True
Is 11384881 a composite number?
True
Is 6621119 composite?
False
Is 1703501 prime?
True
Is 8473711 a prime number?
False
Is 5656969 a prime number?
True
Is 521210563 a prime number?
True
Is 85326919 a prime number?
True
Is 4313047 a composite number?
True
Is 163728277 a composite number?
False
Is 11650669 prime?
False
Is 464413 a composite number?
False
Is 296126579 a prime number?
False
Is 94150919 a prime number?
False
Is 18393131 prime?
True
Is 79497049 a composite number?
True
Is 104322041 a prime number?
True
Is 26023057 a composite number?
False
Is 60355987 a composite number?
False
Is 3154583 a prime number?
False
Is 13035701 prime?
False
Is 3184273 prime?
True
Is 36296681 composite?
False
Is 176574403 a prime number?
True
Is 791291 prime?
True
Is 1088366 prime?
False
Is 459869 prime?
False
Is 10467733 a composite number?
True
Is 55521777 a composite number?
True
Is 2634607 prime?
True
Is 11014639 a prime number?
False
Is 12686327 prime?
False
Is 795622339 a prime number?
True
Is 236788457 prime?
True
Is 54600383 composite?
False
Is 1062251 prime?
True
Is 3672859 prime?
False
Is 69470813 a prime number?
False
Is 14625581 prime?
True
Is 1075183 prime?
False
Is 200743 a composite number?
True
Is 919411 prime?
False
Is 492601 a composite number?
False
Is 564334 composite?
True
Is 9988783 prime?
False
Is 11415001 composite?
True
Is 19361917 a composite number?
False
Is 31724447 a composite number?
True
Is 3602527 composite?
False
Is 23186179 a composite number?
False
Is 3149149 prime?
False
Is 4299322 a composite number?
True
Is 3327167 prime?
True
Is 2571991 prime?
False
Is 56819911 a prime number?
True
Is 303907873 a composite number?
False
Is 137356283 a prime number?
True
Is 5698127 a composite number?
True
Is 10207 composite?
True
Is 6253063 a composite number?
False
Is 248131787 prime?
False
Is 430349 a composite number?
True
Is 3793657 composite?
True
Is 94045733 composite?
True
Is 4631518 a composite number?
True
Is 625763 a prime number?
True
Is 164169041 composite?
True
Is 2321357 a prime number?
True
Is 6773641 a composite number?
True
Is 57731737 prime?
False
Is 12094699 a prime number?
True
Is 564557 composite?
True
Is 1048757 composite?
True
Is 95361139 a prime number?
True
Is 11394673 a composite number?
False
Is 8521391 a prime number?
True
Is 32253157 a composite number?
True
Is 27498077 a composite number?
False
Is 74222041 a composite number?
True
Is 186097 a composite number?
False
Is 4500089 prime?
False
Is 9379873 composite?
False
Is 96590602 prime?
False
Is 43384465 prime?
False
Is 71557313 a prime number?
True
Is 822253 prime?
True
Is 377960729 a composite number?
False
Is 4317749 a prime number?
False
Is 212179 a prime number?
False
Is 699998213 a composite number?
True
Is 1685677 a prime number?
False
Is 63253013 a composite number?
True
Is 10061903 prime?
False
Is 2374661 a composite number?
True
Is 138000749 a composite number?
False
Is 69401767 a prime number?
False
Is 1303331 prime?
True
Is 41473759 prime?
False
Is 56849633 prime?
True
Is 2931791 a composite number?
True
Is 1138114627 a composite number?
True
Is 33409109 prime?
True
Is 5548693 a composite number?
False
Is 76475647 prime?
True
Is 64053607 prime?
True
Is 72454121 a composite number?
False
Is 5334194 composite?
True
Is 204132623 a prime number?
True
Is 796927 composite?
True
Is 85001 prime?
False
Is 816577 a composite number?
True
Is 482740457 prime?
True
Is 29272579 a prime number?
False
Is 2895767 a prime number?
False
Is 3873333 composite?
True
Is 68035789 a composite number?
True
Is 484691 a prime number?
True
Is 14848049 a composite number?
True
Is 